o base 3.
-1211222011
Convert -245431 (base 6) to base 16.
-55db
2507 (base 9) to base 13
b0b
-802 (base 10) to base 4
-30202
394 (base 14) to base 13
433
What is -35a (base 13) in base 11?
-48a
Convert -6567 (base 8) to base 3.
-11201200
What is 12b (base 12) in base 8?
263
Convert 1024204 (base 5) to base 14.
64cd
Convert -1011100100010 (base 2) to base 12.
-3516
Convert 8b51 (base 14) to base 6.
303535
What is 11111011101 (base 2) in base 4?
133131
Convert -4e (base 15) to base 4.
-1022
-3223022 (base 4) to base 8
-35312
-2325 (base 7) to base 9
-1146
-179 (base 15) to base 8
-523
What is 7b36 (base 14) in base 6?
243044
What is -40b (base 12) in base 5?
-4322
3bf (base 16) to base 10
959
What is -4109 (base 11) in base 12?
-31a6
Convert -2a7d (base 16) to base 8.
-25175
-2309 (base 10) to base 9
-3145
What is -2133 (base 8) in base 15?
-4e5
What is 2 (base 10) in base 2?
10
What is 225 (base 7) in base 4?
1311
Convert -192 (base 13) to base 16.
-120
What is -13443 (base 5) in base 7?
-3163
Convert -5602 (base 10) to base 13.
-271c
What is -aa (base 12) in base 14?
-94
Convert 3660 (base 14) to base 2.
10010100010100
44160 (base 7) to base 13
5064
Convert 333 (base 15) to base 14.
399
What is -2446 (base 7) in base 2?
-1110010100
Convert -3e (base 16) to base 11.
-57
Convert 11011 (base 2) to base 7.
36
Convert -577 (base 8) to base 7.
-1055
13a2 (base 16) to base 11
385a
What is 887 (base 11) in base 12?
747
Convert 9924 (base 13) to base 16.
534c
Convert 1020102001 (base 3) to base 12.
12117
What is 15ab (base 15) in base 4?
1020311
Convert 800 (base 14) to base 4.
120200
-2396 (base 11) to base 3
-11021221
Convert -d6d1 (base 16) to base 12.
-279a9
Convert 1050144 (base 6) to base 5.
3200300
Convert 502 (base 16) to base 5.
20112
What is 81 (base 9) in base 13?
58
-182 (base 15) to base 11
-296
What is 790 (base 11) in base 4?
32302
Convert 21563 (base 7) to base 4.
1110323
200 (base 13) to base 16
152
6648 (base 10) to base 14
25cc
Convert -346 (base 11) to base 7.
-1130
What is -3580 (base 9) in base 12?
-1660
1221102 (base 4) to base 16
1a52
Convert 80 (base 15) to base 8.
170
What is -196 (base 13) in base 8?
-444
Convert -3622 (base 8) to base 12.
-1156
Convert -3060 (base 8) to base 4.
-120300
Convert -962 (base 12) to base 6.
-10202
33685 (base 12) to base 5
4141412
157 (base 13) to base 7
463
Convert dd7a (base 16) to base 6.
1114254
Convert 18a0 (base 11) to base 3.
10022020
10320001 (base 4) to base 5
1114334
1002121210 (base 3) to base 16
545a
What is a67 (base 15) in base 10?
2347
218 (base 13) to base 3
111022
Convert -277 (base 9) to base 6.
-1024
What is -2050 (base 7) in base 3?
-222201
1325 (base 8) to base 11
5aa
40133 (base 7) to base 16
25cd
What is -2356 (base 11) in base 5?
-44321
What is -9197 (base 11) in base 16?
-2fae
22010 (base 4) to base 9
785
Convert ac4 (base 15) to base 7.
10045
Convert 83b (base 14) to base 15.
731
What is -517 (base 13) in base 15?
-3ca
-7414 (base 12) to base 3
-122101221
Convert 3110 (base 5) to base 4.
12111
Convert -100203 (base 4) to base 16.
-423
What is -1504 (base 6) in base 4?
-12100
Convert -385a (base 12) to base 13.
-2bba
What is -1a13 (base 16) in base 10?
-6675
What is -25340 (base 11) in base 9?
-54762
What is 66 (base 16) in base 4?
1212
Convert -53996 (base 10) to base 4.
-31023230
What is 1139 (base 13) in base 3?
10022102
What is -3032 (base 6) in base 14?
-35a
What is 1378 (base 13) in base 11?
2119
Convert -73 (base 9) to base 12.
-56
8172 (base 11) to base 13
4c26
-2304 (base 12) to base 8
-7464
Convert 38b (base 12) to base 4.
20123
Convert -12364 (base 8) to base 16.
-14f4
2701 (base 11) to base 14
13ca
3202002 (base 4) to base 7
60114
Convert 653 (base 8) to base 10.
427
-12100 (base 3) to base 8
-220
80b (base 16) to base 4
200023
What is -4085 (base 11) in base 4?
-1110221
What is 101000011010011 (base 2) in base 12?
bb83
Convert -891 (base 11) to base 7.
-3054
Convert -993 (base 15) to base 3.
-2222010
What is a32b (base 12) in base 11?
12374
-3880 (base 10) to base 13
-19c6
Convert 13b (base 13) to base 14.
119
What is -1100000010111011 (base 2) in base 16?
-c0bb
-10101100110 (base 2) to base 14
-70a
Convert 19a5 (base 12) to base 13.
1583
Convert -29457 (base 12) to base 16.
-e143
-22331 (base 4) to base 16
-2bd
What is -110010111101 (base 2) in base 7?
-12336
What is -683 (base 9) in base 11?
-470
3598 (base 10) to base 2
111000001110
32257 (base 10) to base 13
118b4
Convert 5032 (base 6) to base 7.
3131
Convert 1221355 (base 6) to base 13.
23873
What is -44515 (base 9) in base 16?
-738b
Convert 322 (base 8) to base 9.
253
Convert 52100 (base 6) to base 7.
26154
491 (base 14) to base 2
1110001111
Convert -11035 (base 6) to base 8.
-2777
What is 1352 (base 10) in base 14?
6c8
-2032 (base 6) to base 5
-3302
121b (base 12) to base 6
13235
What is 967 (base 13) in base 14?
82a
10 (base 16) to base 13
13
23141 (base 5) to base 16
687
-100223 (base 4) to base 2
-10000101011
Convert -1957 (base 12) to base 16.
-c13
What is -12102 (base 5) in base 10?
-902
587 (base 14) to base 8
2113
-3270 (base 16) to base 12
-7580
What is -db (base 14) in base 7?
-364
Convert -2201110 (base 3) to base 6.
-13103
80 (base 10) to base 7
143
Convert -121322 (base 4) to base 13.
-9a7
101101100000 (base 2) to base 3
10222212
What is 33 (base 13) in base 4?
222
-11011202 (base 3) to base 12
-1918
What is 1c3 (base 16) in base 3?
121201
23a (base 12) to base 3
110101
22a05 (base 14) to base 4
110210331
12258 (base 16) to base 5
4334303
5460 (base 8) to base 11
2174
Convert -986 (base 10) to base 13.
-5ab
Convert -1110011 (base 2) to base 8.
-163
What is 1232133 (base 5) in base 10?
24043
Convert -180 (base 13) to base 8.
-421
-22505 (base 7) to base 3
-21212112
1010101111100 (base 2) to base 16
157c
What is 1554 (base 7) in base 10?
627
-12201322 (base 4) to base 11
-19105
Convert -522 (base 15) to base 2.
-10010000101
What is -38d (base 15) in base 11?
-675
What is 1043 (base 8) in base 9?
667
Convert 6ba7 (base 13) to base 4.
3231022
Convert 1001100110011010 (base 2) to base 11.
275a8
What is -3147 (base 10) in base 16?
-c4b
What is 3056 (base 9) in base 3?
10001220
What is 2101 (base 3) in base 10?
64
495d (base 14) to base 5
402243
Convert 630 (base 7) to base 15.
160
What is -c619 (base 16) in base 3?
-2120120021
10300 (base 5) to base 4
22330
2575 (base 8) to base 2
10101111101
Convert 111001 (base 2) to base 5.
212
-111011 (base 2) to base 5
-214
-17324 (base 12) to base 3
-1200200001
4a89 (base 12) to base 14
3121
What is -336a (base 11) in base 13?
-202c
-140c (base 14) to base 15
-10b0
1522 (base 7) to base 2
1001011100
11340 (base 8) to base 2
1001011100000
-1302231 (base 4) to base 15
-2296
What is 110223333 (base 4) in base 15?
1a190
b (base 15) to base 4
23
What is 942 (base 12) in base 14?
6c2
Convert -534 (base 8) to base 4.
-11130
Convert 13034 (base 12) to base 7.
135454
What is -23446 (base 7) in base 12?
-3611
Convert -15235 (base 7) to base 8.
-10220
What is 4765 (base 11) in base 13?
2ac2
230211 (base 4) to base 5
42403
-2034 (base 7) to base 2
-1011000111
Convert 16bb (base 13) to base 14.
1325
What is -173 (base 13) in base 6?
-1115
Convert -1001100001 (base 2) to base 13.
-37b
Convert -4065 (base 16) to base 8.
-40145
Convert 728 (base 14) to base 15.
63d
Convert 2038 (base 11) to base 3.
10201010
Convert -1406 (base 11) to base 8.
-3435
Convert 1376 (base 11) to base 15.
7d7
What is -3224 (base 5) in base 6?
-2011
2bfa (base 16) to base 3
120102222
643 (base 10) to base 6
2551
3952 (base 11) to base 4
1100103
What is 29b (base 16) in base 11?
557
-2247 (base 16) to base 14
-32ab
What is 1a3b (base 12) in base 9?
4362
What is -64d (base 15) in base 13?
-856
-11 (base 5) to base 11
-6
Convert 9658 (base 12) to base 14.
6016
What is 6ba (base 16) in base 2?
11010111010
-346a (base 15) to base 7
-44302
What is 91 (base 11) in base 15?
6a
Convert -130201 (base 6) to base 4.
-2313121
Convert -11684 (base 9) to base 13.
-3760
-13542 (base 9) to base 10
-9191
Convert -6a0 (base 15) to base 8.
-2734
22313 (base 5) to base 9
2148
What is 15670 (base 8) in base 4?
1232320
Convert 247b (base 12) to base 14.
170b
What is 154 (base 13) in base 4?
3232
What is 460 (base 